{"id":40,"date":"2024-01-11T10:27:23","date_gmt":"2024-01-11T10:27:23","guid":{"rendered":"http:\/\/5.2.203.8:8090\/index.php\/home-magyar\/"},"modified":"2024-07-05T08:40:20","modified_gmt":"2024-07-05T06:40:20","slug":"home-magyar","status":"publish","type":"page","link":"https:\/\/marisia.ro\/?page_id=40&lang=hu","title":{"rendered":"F\u0151oldal"},"content":{"rendered":"\n<p><strong>Marisia. Archaeologia, Historia, Patrimonium<\/strong><\/p>\n\n\n\n<p>ISSN (print): 2668\u20137232<\/p>\n\n\n\n<p>Megjelen\u00e9s gyakoris\u00e1ga: \u00e9vi<\/p>\n\n\n\n<p>Kiad\u00f3: Editura Mega,&nbsp;<a href=\"https:\/\/goo.gl\/maps\/CY4RZ6MubK7tFpaH8\" target=\"_blank\" rel=\"noreferrer noopener\">&nbsp;Pia\u021ba 1 Mai, 4-5, 400141 Cluj-Napoca, Romania<\/a><\/p>\n\n\n\n<p>A Maros Megyei M\u00fazeum 1965 \u00f3ta megjelen\u0151 \u00e9vk\u00f6nyve 2019-ben \u00faj sorozatot ind\u00edtott&nbsp;<em>Marisia. Archaeologia, Historia, Patrimonium<\/em>&nbsp;c\u00edmmel. A kiadv\u00e1ny a r\u00e9g\u00e9szet, az \u00e9p\u00edt\u00e9szet, a m\u0171v\u00e9szet- \u00e9s kult\u00fart\u00f6rt\u00e9net t\u00e1rgyi \u00f6r\u00f6ks\u00e9g\u00e9nek \u00faj kutat\u00e1si eredm\u00e9nyei sz\u00e1m\u00e1ra biztos\u00edt f\u00f3rumot. A tanulm\u00e1nyok els\u0151sorban a Maros megy\u00e9t is mag\u00e1ba foglal\u00f3 bels\u0151-erd\u00e9lyi r\u00e9gi\u00f3ra \u00f6sszpontos\u00edtanak, de az \u00e9rt\u00e9kes helyi hozz\u00e1j\u00e1rul\u00e1sokon t\u00fal az \u00e9vk\u00f6nyv figyelmet ford\u00edt az eg\u00e9sz Erd\u00e9ly szempontj\u00e1b\u00f3l relev\u00e1ns region\u00e1lis \u00e9s glob\u00e1lis vonatkoz\u00e1sokra is. Az \u00e9vk\u00f6nyv k\u00fcldet\u00e9sei k\u00f6z\u00e9 tartozik a rom\u00e1niai \u00e9s magyarorsz\u00e1gi tudom\u00e1nyos m\u0171helyek kutat\u00e1si eredm\u00e9nyeinek k\u00f6lcs\u00f6n\u00f6s \u00e9rtelmez\u00e9se. Emiatt a cikkek els\u0151sorban angol nyelv\u0171ek, de a kutat\u00e1si ter\u00fclet, valamint a t\u00e1rgyalt t\u00e9ma f\u00fcggv\u00e9ny\u00e9ben n\u00e9met, rom\u00e1n vagy magyar nyelv\u0171 tanulm\u00e1nyokat is elfogadunk.<\/p>\n\n\n\n<p><a href=\"http:\/\/marisia.ro\/?page_id=66&amp;lang=hu\" data-type=\"page\" data-id=\"66\">Szerkeszt\u00e9si ir\u00e1nyelvek<\/a> + <a href=\"http:\/\/marisia.ro\/?page_id=62&amp;lang=hu\" data-type=\"page\" data-id=\"62\">Szerkeszt\u0151i etika<\/a><\/p>\n\n\n\n<p>A k\u00f6vetkez\u0151 nemzetk\u00f6zi adatb\u00e1zisok indexelik: <strong>CEEOL<\/strong><\/p>\n","protected":false},"excerpt":{"rendered":"<p>Marisia. Archaeologia, Historia, Patrimonium ISSN (print): 2668\u20137232 Megjelen\u00e9s gyakoris\u00e1ga: \u00e9vi Kiad\u00f3: Editura Mega,&nbsp;&nbsp;Pia\u021ba 1 Mai, [&hellip;]<\/p>\n","protected":false},"author":1,"featured_media":0,"parent":0,"menu_order":0,"comment_status":"closed","ping_status":"closed","template":"page-full-width.php","meta":{"footnotes":""},"folder":[],"_links":{"self":[{"href":"https:\/\/marisia.ro\/index.php?rest_route=\/wp\/v2\/pages\/40"}],"collection":[{"href":"https:\/\/marisia.ro\/index.php?rest_route=\/wp\/v2\/pages"}],"about":[{"href":"https:\/\/marisia.ro\/index.php?rest_route=\/wp\/v2\/types\/page"}],"author":[{"embeddable":true,"href":"https:\/\/marisia.ro\/index.php?rest_route=\/wp\/v2\/users\/1"}],"replies":[{"embeddable":true,"href":"https:\/\/marisia.ro\/index.php?rest_route=%2Fwp%2Fv2%2Fcomments&post=40"}],"version-history":[{"count":6,"href":"https:\/\/marisia.ro\/index.php?rest_route=\/wp\/v2\/pages\/40\/revisions"}],"predecessor-version":[{"id":519,"href":"https:\/\/marisia.ro\/index.php?rest_route=\/wp\/v2\/pages\/40\/revisions\/519"}],"wp:attachment":[{"href":"https:\/\/marisia.ro\/index.php?rest_route=%2Fwp%2Fv2%2Fmedia&parent=40"}],"wp:term":[{"taxonomy":"folder","embeddable":true,"href":"https:\/\/marisia.ro\/index.php?rest_route=%2Fwp%2Fv2%2Ffolder&post=40"}],"curies":[{"name":"wp","href":"https:\/\/api.w.org\/{rel}","templated":true}]}}