{"id":60,"date":"2024-01-12T09:14:31","date_gmt":"2024-01-12T09:14:31","guid":{"rendered":"http:\/\/5.2.203.8:8090\/?page_id=60"},"modified":"2025-06-11T08:36:26","modified_gmt":"2025-06-11T06:36:26","slug":"szerkesztoseg-es-tanacsado-testulet","status":"publish","type":"page","link":"https:\/\/marisia.ro\/?page_id=60&lang=hu","title":{"rendered":"Szerkeszt\u0151s\u00e9g \u00e9s szaklektorok"},"content":{"rendered":"\n<p><strong><strong>Felel\u0151s<\/strong> kiad\u00f3:&nbsp;<\/strong><\/p>\n\n\n\n<p>\u00d6TV\u00d6S Kopp\u00e1ny Bulcs\u00fa, Maros Megyei M\u00fazeum<\/p>\n\n\n\n<p><strong>F\u0151szerkeszt\u0151:<\/strong><\/p>\n\n\n\n<p>N\u00c9METH E. Rita, Maros Megyei M\u00fazeum<\/p>\n\n\n\n<p><strong>Szerkeszt\u0151k:&nbsp;<\/strong><\/p>\n\n\n\n<p>BERECKI S\u00e1ndor, Maros Megyei M\u00fazeum&nbsp;<\/p>\n\n\n\n<p>GY\u0150RFI Zal\u00e1n, Maros Megyei M\u00fazeum&nbsp;<\/p>\n\n\n\n<p>ORB\u00c1N J\u00e1nos, Maros Megyei M\u00fazeum&nbsp;<\/p>\n\n\n\n<p>P\u00c1NCZ\u00c9L Szilam\u00e9r P\u00e9ter, Maros Megyei M\u00fazeum&nbsp;<\/p>\n\n\n\n<p><strong>Szerkeszt\u0151s\u00e9gi titk\u00e1r:<\/strong><\/p>\n\n\n\n<p>REZI Botond, Maros Megyei M\u00fazeum&nbsp;<\/p>\n\n\n\n<p><strong>Szaklektorokt<\/strong>:<\/p>\n\n\n\n<p>Oliver DIETRICH (Halle (Saale), Germania)<\/p>\n\n\n\n<p>BENK\u0150 Elek, R\u00e9g\u00e9szeti Int\u00e9zet, B\u00f6lcs\u00e9szettudom\u00e1nyi Kutat\u00f3k\u00f6zpont (Budapest, Magyarorsz\u00e1g)&nbsp;<\/p>\n\n\n\n<p>Marius-Mihai CIUT\u0102, Nagyszebeni Lucian Blaga Egyetem (Nagyszeben, Rom\u00e1nia)&nbsp;<\/p>\n\n\n\n<p>CZAJLIK Zolt\u00e1n, E\u00f6tv\u00f6s Lor\u00e1nd Tudom\u00e1nyegyetem, R\u00e9g\u00e9szettudom\u00e1nyi Int\u00e9zet (Budapest, Magyarorsz\u00e1g)&nbsp;<\/p>\n\n\n\n<p>Ciprian FIREA, Rom\u00e1n Akad\u00e9mia, R\u00e9g\u00e9szeti \u00e9s M\u0171v\u00e9szett\u00f6rt\u00e9neti Int\u00e9zet (Kolozsv\u00e1r, Rom\u00e1nia)&nbsp;<\/p>\n\n\n\n<p>KOV\u00c1CS Andr\u00e1s, Babe\u0219\u2013Bolyai Tudom\u00e1nyegyetem (Kolozsv\u00e1r, Rom\u00e1nia)&nbsp;VISY Zsolt, P\u00e9csi Egyetem (P\u00e9cs, Magyarorsz\u00e1g)<\/p>\n","protected":false},"excerpt":{"rendered":"<p>Felel\u0151s kiad\u00f3:&nbsp; \u00d6TV\u00d6S Kopp\u00e1ny Bulcs\u00fa, Maros Megyei M\u00fazeum F\u0151szerkeszt\u0151: N\u00c9METH E. Rita, Maros Megyei M\u00fazeum [&hellip;]<\/p>\n","protected":false},"author":1,"featured_media":0,"parent":0,"menu_order":0,"comment_status":"closed","ping_status":"closed","template":"page-full-width.php","meta":{"footnotes":""},"folder":[],"_links":{"self":[{"href":"https:\/\/marisia.ro\/index.php?rest_route=\/wp\/v2\/pages\/60"}],"collection":[{"href":"https:\/\/marisia.ro\/index.php?rest_route=\/wp\/v2\/pages"}],"about":[{"href":"https:\/\/marisia.ro\/index.php?rest_route=\/wp\/v2\/types\/page"}],"author":[{"embeddable":true,"href":"https:\/\/marisia.ro\/index.php?rest_route=\/wp\/v2\/users\/1"}],"replies":[{"embeddable":true,"href":"https:\/\/marisia.ro\/index.php?rest_route=%2Fwp%2Fv2%2Fcomments&post=60"}],"version-history":[{"count":7,"href":"https:\/\/marisia.ro\/index.php?rest_route=\/wp\/v2\/pages\/60\/revisions"}],"predecessor-version":[{"id":817,"href":"https:\/\/marisia.ro\/index.php?rest_route=\/wp\/v2\/pages\/60\/revisions\/817"}],"wp:attachment":[{"href":"https:\/\/marisia.ro\/index.php?rest_route=%2Fwp%2Fv2%2Fmedia&parent=60"}],"wp:term":[{"taxonomy":"folder","embeddable":true,"href":"https:\/\/marisia.ro\/index.php?rest_route=%2Fwp%2Fv2%2Ffolder&post=60"}],"curies":[{"name":"wp","href":"https:\/\/api.w.org\/{rel}","templated":true}]}}

Szerkesztőség és szaklektorok

<p><strong><strong>Felelős</strong> kiadó:&nbsp;</strong></p>



<p>ÖTVÖS Koppány Bulcsú, Maros Megyei Múzeum</p>



<p><strong>Főszerkesztő:</strong></p>



<p>NÉMETH E. Rita, Maros Megyei Múzeum</p>



<p><strong>Szerkesztők:&nbsp;</strong></p>



<p>BERECKI Sándor, Maros Megyei Múzeum&nbsp;</p>



<p>GYŐRFI Zalán, Maros Megyei Múzeum&nbsp;</p>



<p>ORBÁN János, Maros Megyei Múzeum&nbsp;</p>



<p>PÁNCZÉL Szilamér Péter, Maros Megyei Múzeum&nbsp;</p>



<p><strong>Szerkesztőségi titkár:</strong></p>



<p>REZI Botond, Maros Megyei Múzeum&nbsp;</p>



<p><strong>Szaklektorokt</strong>:</p>



<p>Oliver DIETRICH (Halle (Saale), Germania)</p>



<p>BENKŐ Elek, Régészeti Intézet, Bölcsészettudományi Kutatóközpont (Budapest, Magyarország)&nbsp;</p>



<p>Marius-Mihai CIUTĂ, Nagyszebeni Lucian Blaga Egyetem (Nagyszeben, Románia)&nbsp;</p>



<p>CZAJLIK Zoltán, Eötvös Loránd Tudományegyetem, Régészettudományi Intézet (Budapest, Magyarország)&nbsp;</p>



<p>Ciprian FIREA, Román Akadémia, Régészeti és Művészettörténeti Intézet (Kolozsvár, Románia)&nbsp;</p>



<p>KOVÁCS András, Babeș–Bolyai Tudományegyetem (Kolozsvár, Románia)&nbsp;VISY Zsolt, Pécsi Egyetem (Pécs, Magyarország)</p>

<p>Felelős kiadó:&nbsp; ÖTVÖS Koppány Bulcsú, Maros Megyei Múzeum Főszerkesztő: NÉMETH E. Rita, Maros Megyei Múzeum [&hellip;]</p>
