{"id":68,"date":"2024-01-12T09:19:45","date_gmt":"2024-01-12T09:19:45","guid":{"rendered":"http:\/\/5.2.203.8:8090\/?page_id=68"},"modified":"2025-06-04T16:03:39","modified_gmt":"2025-06-04T14:03:39","slug":"norme-de-publicare","status":"publish","type":"page","link":"https:\/\/marisia.ro\/?page_id=68","title":{"rendered":"Norme de publicare\u00a0"},"content":{"rendered":"\n<p>Instruc\u021biunile pentru redactarea manuscrisului sunt disponibile \u00een urm\u0103torul document \u00een format PDF: Desc\u0103rca\u021bi instruc\u021biunile <a href=\"https:\/\/marisia.ro\/wp-content\/uploads\/2025\/06\/MARISIA_Editing-ROM.pdf\">AICI<\/a>\u00a0<\/p>\n","protected":false},"excerpt":{"rendered":"<p>Instruc\u021biunile pentru redactarea manuscrisului sunt disponibile \u00een urm\u0103torul document \u00een format PDF: Desc\u0103rca\u021bi instruc\u021biunile AICI\u00a0<\/p>\n","protected":false},"author":1,"featured_media":0,"parent":0,"menu_order":0,"comment_status":"closed","ping_status":"closed","template":"page-full-width.php","meta":{"footnotes":""},"folder":[],"_links":{"self":[{"href":"https:\/\/marisia.ro\/index.php?rest_route=\/wp\/v2\/pages\/68"}],"collection":[{"href":"https:\/\/marisia.ro\/index.php?rest_route=\/wp\/v2\/pages"}],"about":[{"href":"https:\/\/marisia.ro\/index.php?rest_route=\/wp\/v2\/types\/page"}],"author":[{"embeddable":true,"href":"https:\/\/marisia.ro\/index.php?rest_route=\/wp\/v2\/users\/1"}],"replies":[{"embeddable":true,"href":"https:\/\/marisia.ro\/index.php?rest_route=%2Fwp%2Fv2%2Fcomments&post=68"}],"version-history":[{"count":5,"href":"https:\/\/marisia.ro\/index.php?rest_route=\/wp\/v2\/pages\/68\/revisions"}],"predecessor-version":[{"id":772,"href":"https:\/\/marisia.ro\/index.php?rest_route=\/wp\/v2\/pages\/68\/revisions\/772"}],"wp:attachment":[{"href":"https:\/\/marisia.ro\/index.php?rest_route=%2Fwp%2Fv2%2Fmedia&parent=68"}],"wp:term":[{"taxonomy":"folder","embeddable":true,"href":"https:\/\/marisia.ro\/index.php?rest_route=%2Fwp%2Fv2%2Ffolder&post=68"}],"curies":[{"name":"wp","href":"https:\/\/api.w.org\/{rel}","templated":true}]}}